r of 6409?
True
Does 79 divide 1314?
False
Does 43 divide 5718?
False
Does 9 divide 7083?
True
Is 349 a multiple of 2?
False
Is 8 a factor of 1092?
False
Is 117 a multiple of 11?
False
Is 763 a multiple of 27?
False
Is 77071 a multiple of 37?
True
Does 108 divide 9061?
False
Is 7 a factor of 119?
True
Does 31 divide 4247?
True
Is 33 a factor of 2262?
False
Does 10 divide 6254?
False
Is 36 a factor of 4572?
True
Is 113757 a multiple of 358?
False
Is 12 a factor of 9058?
False
Does 31 divide 3366?
False
Is 25 a factor of 47766?
False
Is 2086 a multiple of 4?
False
Is 3648 a multiple of 4?
True
Does 111 divide 23940?
False
Is 3 a factor of 6845?
False
Is 16 a factor of 956?
False
Does 62 divide 1239?
False
Does 5 divide 295?
True
Is 29 a factor of 18768?
False
Is 12 a factor of 1620?
True
Does 6 divide 1208?
False
Does 66 divide 2772?
True
Is 8805 a multiple of 10?
False
Is 78 a factor of 20436?
True
Is 23 a factor of 4628?
False
Is 15277 a multiple of 180?
False
Is 19813 a multiple of 17?
False
Does 3 divide 126?
True
Does 7 divide 1477?
True
Is 478 a multiple of 15?
False
Does 17 divide 982?
False
Is 116232 a multiple of 167?
True
Is 3885 a multiple of 5?
True
Does 8 divide 128?
True
Is 7008 a multiple of 47?
False
Is 57 a factor of 35997?
False
Does 2 divide 16905?
False
Is 4 a factor of 1264?
True
Does 7 divide 1988?
True
Does 5 divide 630?
True
Is 5499 a multiple of 117?
True
Does 26 divide 1415?
False
Does 15 divide 206?
False
Is 10880 a multiple of 32?
True
Is 432 a multiple of 39?
False
Is 77 a multiple of 2?
False
Is 3080 a multiple of 28?
True
Does 46 divide 2238?
False
Is 231 a factor of 75075?
True
Does 31 divide 18910?
True
Is 16 a factor of 731?
False
Is 46 a factor of 10596?
False
Is 4284 a multiple of 21?
True
Does 59 divide 702?
False
Does 176 divide 19546?
False
Is 14922 a multiple of 21?
False
Is 1001 a multiple of 21?
False
Does 60 divide 2160?
True
Does 7 divide 655?
False
Does 40 divide 44529?
False
Does 6 divide 918?
True
Does 26 divide 3242?
False
Is 852 a multiple of 6?
True
Is 54 a factor of 21168?
True
Is 2784 a multiple of 16?
True
Is 5 a factor of 8604?
False
Is 66 a factor of 3516?
False
Does 157 divide 2265?
False
Is 68 a factor of 14008?
True
Is 12 a factor of 1086?
False
Does 13 divide 403?
True
Is 17 a factor of 644?
False
Does 2 divide 226?
True
Does 40 divide 46831?
False
Is 1256 a multiple of 4?
True
Is 14 a factor of 6538?
True
Is 12 a factor of 720?
True
Is 76056 a multiple of 12?
True
Is 105 a multiple of 5?
True
Is 64 a factor of 732?
False
Is 15 a factor of 91?
False
Is 14 a factor of 56798?
True
Is 25819 a multiple of 21?
False
Is 8199 a multiple of 9?
True
Does 72 divide 25056?
True
Is 141 a factor of 3666?
True
Is 1664 a multiple of 39?
False
Does 6 divide 242?
False
Does 51 divide 18449?
False
Is 51 a factor of 4029?
True
Does 32 divide 64?
True
Is 33 a factor of 1456?
False
Is 9 a factor of 5112?
True
Is 847 a multiple of 11?
True
Is 14796 a multiple of 4?
True
Does 11 divide 35?
False
Is 3 a factor of 58?
False
Is 252 a multiple of 21?
True
Is 84 even?
True
Is 14 a factor of 12754?
True
Is 3 a factor of 30?
True
Is 256 a multiple of 32?
True
Does 25 divide 2025?
True
Does 23 divide 2047?
True
Does 185 divide 46447?
False
Is 100 a multiple of 10?
True
Does 5 divide 2559?
False
Is 10 a factor of 110440?
True
Is 39 a factor of 9165?
True
Is 14 a factor of 3674?
False
Is 17 a factor of 1618?
False
Is 312 a multiple of 26?
True
Is 702 a multiple of 117?
True
Is 2425 a multiple of 13?
False
Does 11 divide 1419?
True
Does 75 divide 5005?
False
Does 52 divide 2228?
False
Does 75 divide 3450?
True
Does 21 divide 27517?
False
Is 22 a factor of 616?
True
Is 4752 a multiple of 6?
True
Does 16 divide 653?
False
Is 61 a factor of 2013?
True
Is 21 a factor of 4348?
False
Does 13 divide 5733?
True
Is 26 a factor of 33?
False
Is 68 a factor of 1496?
True
Is 14906 a multiple of 14?
False
Is 13113 a multiple of 6?
False
Does 8 divide 1584?
True
Is 48690 a multiple of 11?
False
Does 37 divide 1813?
True
Is 15 a factor of 20175?
True
Is 3839 a multiple of 86?
False
Is 168 a multiple of 21?
True
Is 30128 a multiple of 48?
False
Is 67 a factor of 402?
True
Is 1467 a multiple of 13?
False
Is 64 a factor of 4544?
True
Does 375 divide 108505?
False
Is 154 a multiple of 13?
False
Is 5292 a multiple of 36?
True
Is 14 a factor of 1206?
False
Does 29 divide 712?
False
Is 4601 a multiple of 14?
False
Does 85 divide 4155?
False
Does 176 divide 22045?
False
Is 11943 a multiple of 7?
False
Does 13 divide 1524?
False
Is 14 a factor of 2534?
True
Is 106 a multiple of 40?
False
Is 968 a multiple of 88?
True
Does 12 divide 2832?
True
Is 36 a factor of 648?
True
Is 56 a multiple of 8?
True
Does 118 divide 3843?
False
Is 113 a factor of 3503?
True
Is 113 a factor of 15255?
True
Is 4804 a multiple of 22?
False
Is 95 a factor of 747?
False
Is 13 a factor of 6227?
True
Is 9180 a multiple of 170?
True
Is 12 a factor of 49188?
True
Is 9 a factor of 90?
True
Is 15080 a multiple of 130?
True
Is 528 a multiple of 8?
True
Does 14 divide 5012?
True
Does 18 divide 6017?
False
Is 13256 a multiple of 3?
False
Is 996 a multiple of 4?
True
Is 2421 a multiple of 44?
False
Is 688 even?
True
Is 10 a factor of 3990?
True
Is 3553 a multiple of 11?
True
Is 4480 a multiple of 35?
True
Is 16562 a multiple of 91?
True
Does 3 divide 336?
True
Is 31 a factor of 4127?
False
Does 4 divide 5678?
False
Does 7 divide 314?
False
Is 25 a factor of 700?
True
Is 149 a factor of 9536?
True
Is 8 a factor of 224?
True
Is 17 a factor of 248?
False
Does 126 divide 12474?
True
Is 2150 a multiple of 50?
True
Is 37 a factor of 429?
False
Does 49 divide 1698?
False
Is 14448 a multiple of 42?
True
Does 10 divide 13336?
False
Is 124 a factor of 2976?
True
Is 247 a multiple of 24?
False
Is 44978 a multiple of 86?
True
Is 654 a multiple of 11?
False
Does 47 divide 6173?
False
Is 9 a factor of 1773?
True
Does 6 divide 28?
False
Does 10 divide 2190?
True
Does 80 divide 10400?
True
Is 760 a multiple of 37?
False
Is 270 a multiple of 16?
False
Is 2835 a multiple of 7?
True
Is 1634 a multiple of 45?
False
Does 242 divide 17771?
False
Is 2454 a multiple of 74?
False
Does 10 divide 2920?
True
Is 490 a multiple of 35?
True
Is 216 a factor of 69336?
True
Does 14 divide 13860?
True
Is 236 a multiple of 2?
True
Is 5 a factor of 17378?
False
Does 30 divide 208?
False
Does 190 divide 108300?
True
Is 7 a factor of 16276?
False
Is 15 a factor of 75718?
False
Is 94395 a multiple of 21?
True
Does 219 divide 54743?
False
Is 199 a multiple of 2?
False
Is 60 a factor of 8340?
True
Does 199 divide 81988?
True
Is 432 a multiple of 18?
True
Is 136 a multiple of 41?
False
Is 20949 a multiple of 66?
False
Is 59 a factor of 413?
True
Is 5 a factor of 26090?
True
Is 1062 a multiple of 59?
True
Is 4048 a multiple of 46?
True
Is 12 a factor of 54372?
True
Is 115 a multiple of 6?
False
Is 10 a factor of 86367?
False
Is 35 a factor of 280?
True
Is 20 a factor of 6560?
True
Is 5829 a multiple of 29?
True
Is 8 a factor of 344?
True
Does 11 divide 2310?
True
Is 33 a factor of 424?
False
Is 23235 a multiple of 11?
False
Does 22 divide 1491?
False
Does 2 divide 427?
False
Does 60 divide 2389?
False
Is 36 a factor of 7891?
False
Is 3901 a multiple of 13?
False
Does 48 divide 1440?
True
Is 45437 a multiple of 29?
False
Is 135923 a multiple of 29?
True
Is 1041 a multiple of 52?
False
Does 79 divide 1343?
True
Is 176 a multiple of 17?
False
Is 76 a factor of 15808?
True
Does 65 divide 843?
False
Is 4912 a multiple of 8?
True
Is 951 a multiple of 35?
False
Is 660 a multiple of 10?
True
Is 149 a multiple of 15?
False
Is 17955 a multiple of 12?
False
Does 51 divide 1548?
False
Does 15 divide 2910?
True
Is 20 a factor of 3000?
True
Is 105 a multiple of 5?
True
Is 170 a multiple of 64?
False
Is 82 a factor of 1640?
True
Is 53 a factor of 1219?
True
Is 6384 a multiple of 8?
True
Is 1435 a multiple of 7?
True
Does 31 divide 47554?
True
Is 3078 a multiple of 54?
True
Is 7740 a multiple of 9?
True
Does 16 divide 23596?
False
Is 15 a factor of 14550?
True
Is 2122 a multiple of 28?
False
Is 505 a multiple of 2?
False
Is 18098 a multiple of 25?
False
Does 7 divide 43659?
True
Is 90 a multiple of 9?
True
Is 1073 a multiple of 29?
Tr